he units digit of d(0)?
8
Let k = 1610 - 737. What is the units digit of k?
3
What is the ten thousands digit of (-7 - (-1358)/(-21))*-177?
1
Let y be (-49 - -48)/(21/22 - 1). Let k = 22 - y. Suppose k = -3*l - l + 200. What is the units digit of l?
0
Let r be (-2)/(-12)*3 + 10/(-20). Suppose 0*y + y - 4 = r. Suppose y*k = 2*k + 378. What is the tens digit of k?
8
Suppose 3*r = 3*s + 4*r - 1006, 2*r = -2*s + 664. Suppose -4*w + s = -5*o, -71 + 476 = 5*w - 3*o. What is the tens digit of w?
7
Let g(d) be the third derivative of -d**4/24 + 7*d**3/3 + 28*d**2. Let b be g(11). Suppose 0*p + 12 = -b*p, 272 = 4*x - 3*p. What is the tens digit of x?
6
Let r(a) = 43*a + 233. What is the hundreds digit of r(12)?
7
Let h(a) = -20*a + 63. Let y be h(3). Suppose -4*m + 4*z = -568, -422 = y*m - 6*m - z. What is the units digit of m?
1
Suppose 97199 = 32*x - 80529. What is the hundreds digit of x?
5
Suppose 2*r + 3*c = -30, -r - 2*c = 11 + 4. Let g(o) = o**3 + 15*o**2 - 5*o + 12. Let m be g(r). What is the tens digit of m - (-2 + 2 + 3)?
8
Let t be 7*8/112*20*5. Suppose 5*p - 63 = w, 6*w - 5*w = 4*p - t. Suppose -815 + 2050 = p*z. What is the units digit of z?
5
Let h = 6123 - 4272. What is the hundreds digit of (-1)/2 + h/6?
3
Suppose 0 = 22*x - 6*x + 3280. Let n = 362 + x. What is the tens digit of n?
5
Suppose 95*d - 202002 = 22578. What is the tens digit of d?
6
Let a(j) = 2*j + 20. Let s be a(-6). Let d(c) = -5*c + 42. Let h be d(s). Suppose 0 = h*f - g - 103, -f + 3*g + 162 = 2*f. What is the units digit of f?
9
Suppose 4*l - 4*y = 7280, -5*l = 3*y - 7209 - 1835. What is the thousands digit of l?
1
Let g be (2/2 - -1)/(3 + -1). Let b(m) = 1180*m**3 + 13*m - 12. What is the tens digit of b(g)?
8
Suppose -5*n + 2*m - 56 = -11, -18 = 2*n - 2*m. Let a(j) = -j**2 - 23*j + 8. What is the tens digit of a(n)?
3
Let l = 64604 + -7582. What is the units digit of l?
2
Let l be (-6)/(-4) - (-637)/14. Let r = l + -19. Let u = 75 - r. What is the units digit of u?
7
Let p be ((-24)/18)/(2/(-27)). What is the hundreds digit of (-32)/p + 2 - (-69121)/117?
5
Let t be (-2)/(-5) - 176/40. Let y(a) = -12*a**3 - 10*a**2 - 11*a - 6. What is the units digit of y(t)?
6
Let s(j) = j**3 + 2*j**2 - j + 6. Let g be s(-3). Suppose 3*r = 3*q + 8*r - 16, g = q - 5*r + 28. What is the tens digit of (-9 - -5)*(2 - (-57)/q)?
6
Let d be (-6 - -554) + (3 + -6 - -2). Let u = 914 - d. What is the units digit of u?
7
Suppose 308*c + 3898411 = 11261151. What is the units digit of c?
5
Let k = 25672 - 22272. What is the tens digit of k?
0
Let v = -1519 + 2870. Suppose 3*t + o = v, 0*o + 437 = t + 3*o. What is the hundreds digit of t?
4
Let d(v) = 19*v + 2. Let o be d(26). Let r = -232 + o. What is the hundreds digit of r?
2
Suppose 0*j - 4*j - 4*k = -26124, -4*j - k + 26127 = 0. What is the hundreds digit of j?
5
Let g(c) = 24*c + 15*c - 25 + 5*c - 14*c. What is the units digit of g(21)?
5
Suppose a - 37081 = 9*r, -2*a - 2*r - 148086 = -6*a. What is the tens digit of a?
1
Let r = -8 + 12. Let b(s) = 2*s - 8. Let g be b(r). Let u = g - -16. What is the tens digit of u?
1
Suppose 16*n + 5*n - 17640 = 0. Let q = n - 460. What is the hundreds digit of q?
3
Let l = 347 + -344. Suppose -l*v - 2262 = -9*v. What is the units digit of v?
7
Let h(v) = -v - 20. Let w be h(-30). What is the units digit of ((-92)/w)/((-10)/175)?
1
Let n = 198 - 193. Suppose 2*f - 117 = 4*q + 767, 2*q - 2174 = -n*f. What is the hundreds digit of f?
4
Suppose -d + 3*d - 1104 = 0. Suppose 0 = 6*t - 2*t - d. Suppose v - 2*g - t - 126 = 0, 4*g - 4 = 0. What is the tens digit of v?
6
Let a(u) = 2*u**2 - 6*u + 9. Let l be (2/(-3))/(-1 + (-2)/(-3)). Let c be a(l). Suppose 42 = 5*b - b - y, -b + 3*y + c = 0. What is the tens digit of b?
1
Let i(c) = -7*c**3 + 2*c**2 + 12*c + 4. Let q be (0/(-4))/(-2) + 4. Let s be i(q). Let n = 559 + s. What is the units digit of n?
5
Suppose -2*z - 3*o = -16, 2*z + o - 8 = 4. Suppose -4*c - 5*y = -484, -z*c - 3*y + 476 = -c. What is the tens digit of c?
1
Suppose 155503 = 117*w - 96749. What is the thousands digit of w?
2
Let q(y) = 7*y**3 - 14*y**2 - 22*y - 20. Let u(r) = r**3 - r**2 - r - 1. Let z(v) = -q(v) + 6*u(v). What is the units digit of z(9)?
7
Let a be (-92)/(-28) + (-4)/14. Suppose 2*z - 3*f = -0*z + 5253, a*z - 7885 = -f. Suppose -11*k = k - z. What is the hundreds digit of k?
2
Suppose 55*f = 50*f - 5*j + 26940, 6*f - 32323 = -5*j. What is the thousands digit of f?
5
Let x(z) = 2*z**3 + 156*z**2 - 25*z + 44. What is the units digit of x(-13)?
9
Let f(c) = c**2 + 19*c - 2 - 16 - 2*c**2. Let x be 21 + -12 - (-1 - 4). What is the tens digit of f(x)?
5
Let n(t) = -5*t**2 - 13*t**2 - 10*t**2 + 43*t**3 - 4*t**2 - 39*t**3 + 19*t - 8. What is the tens digit of n(9)?
8
Let k(x) = -x**3 + 2*x**2 - 10*x - 185. What is the hundreds digit of k(-8)?
5
Let o be -13 + 675/9 + -3 + 1. Suppose 11*d - o = 3328. What is the hundreds digit of d?
3
What is the thousands digit of -1*6*3*(-72020)/195?
6
Suppose -3 = a, 5*n - 2*a + 5*a - 31416 = 0. What is the hundreds digit of n?
2
Let u(z) be the third derivative of 89*z**4/24 - 28*z**3/3 + 140*z**2. What is the tens digit of u(7)?
6
Let a = 50748 - 34975. What is the units digit of a?
3
Let u(v) = 43*v**2 + 5*v + 17. What is the tens digit of u(22)?
3
What is the units digit of ((-179)/(-1074))/(1/(-11603 - -1))*-3?
1
Suppose -3*z = 3*l + z - 11, -3 = 3*z. Suppose -2*b + 364 = -l*i + 8, -i - 4 = 0. What is the hundreds digit of b?
1
Let r(h) = 90*h**3 + 7*h**2 + h - 2. Let w(c) = c**3 + c**2 - c - 1. Let g(i) = -r(i) + 3*w(i). What is the tens digit of g(-1)?
8
Suppose 224*x - 230*x - 5458 = -p, 5*x - 5524 = -p. What is the tens digit of p?
9
Suppose 2*s + 4*d - 3705 = 3473, 2*d - 14380 = -4*s. What is the thousands digit of s?
3
What is the units digit of 1/(63/270683) - (-4)/9?
7
Let y be (7 - 10)*-3*2. Let v be 126/(-24)*32/(-9)*y. Suppose 2*p - 3*h - 87 = 76, -4*h = 4*p - v. What is the units digit of p?
3
Let p(c) = -4*c**2 - 37*c - 291. Let n(v) = -2*v**2 - 20*v - 146. Let j(h) = 5*n(h) - 3*p(h). What is the hundreds digit of j(18)?
9
Let s(m) = -31*m**3 - 15*m**2 + 33*m + 5. What is the tens digit of s(-10)?
7
Suppose -2*n - 12*g = -14*g, 3*g - 30 = -3*n. Suppose 4*u + 2*h - 2924 = 6*h, n*u - 3685 = -h. What is the units digit of u?
6
Suppose 0 = 4*v + 4*i - 1972 - 22168, -3*i = -4*v + 24147. What is the hundreds digit of v?
0
Let n(h) = 69*h**2 + 40*h + 224. What is the tens digit of n(-12)?
8
Suppose 0 = 3*h + 4*q - 99600, -24*h - 3*q + 66401 = -22*h. What is the units digit of h?
6
Suppose -4*b + 14620 = 2*s, 101*s - 104*s + 21978 = -6*b. What is the hundreds digit of s?
3
Let t be -786*(-6)/24*2. Let v = 616 - t. What is the hundreds digit of v?
2
Suppose 0 = -13*b - 3*q + 330104, -3*q - 47132 = -4*b + 54462. What is the ten thousands digit of b?
2
Let h(r) = -r + 27. Let x = -70 + 93. Let j be h(x). Suppose -j*k + k = -366. What is the units digit of k?
2
Let o be (4/3)/(4/(-30)). Suppose -22*j = -139 - 37. What is the units digit of (-1620)/24*j/o?
4
Let t(d) = -47*d + 65. Let y be t(-6). Suppose 4*r = -n + 186, -2*n - 4*r + y = -r. What is the hundreds digit of n?
1
Suppose -4*y - 81 = -633. Suppose 2295 = y*u - 133*u. What is the hundreds digit of u?
4
Let d be ((-6)/(-6) + -2391)*-4. What is the hundreds digit of (-3)/(9/4) + d/15?
6
Suppose -1 - 6 = -7*k. Let g(u) = 88*u**2 - u + 2. What is the tens digit of g(k)?
8
Let r(h) be the second derivative of 11*h**6/720 - 13*h**5/120 - 11*h**4/6 + 16*h. Let w(i) be the third derivative of r(i). What is the tens digit of w(13)?
3
Let v(m) = 4*m - 58. Suppose -4*a + 46 = 2*f, -2*f + 4*a + 115 = 3*f. What is the tens digit of v(f)?
3
Suppose -8 = -2*v, -194177 = -3*u - 24*v + 19*v. What is the hundreds digit of u?
7
Let o be 15/6*(-2 - (-102)/15). Let m be 12 + -8 + (0 - 1) + o. What is the hundreds digit of 35*5*(102/m - 6)?
1
Suppose -20*k + 323 = -657. Let g = 618 - k. What is the hundreds digit of g?
5
Let o = 183 - 175. Suppose -o*a = -0*a - 504. What is the units digit of a?
3
Suppose 2*o + 2*o = -380. Let i = -1627 - -1858. Let a = o + i. What is the hundreds digit of a?
1
Suppose 3*l + 1960 = -2*l + 2*t, -5*t = 2*l + 755. Let h be (6 + l - 3)*4/(-6). Suppose -5*x - h = -7*x. What is 